{"id":11,"date":"2017-09-13T11:25:33","date_gmt":"2017-09-13T14:25:33","guid":{"rendered":"http:\/\/srv210.teste.website\/~kallashospital\/?page_id=11"},"modified":"2023-05-02T14:34:06","modified_gmt":"2023-05-02T17:34:06","slug":"home","status":"publish","type":"page","link":"https:\/\/www.oliveiratributario.com.br\/","title":{"rendered":"HOME"},"content":{"rendered":"<p>&lt;p&gt;<\/div><\/div><\/div><!-- close content main div --><\/div><\/div><div id='full_slider_1' class='avia-fullwidth-slider main_color avia-shadow   container_wrap fullsize'   ><div  data-size='no scaling'  data-lightbox_size='large'  data-animation='slide'  data-ids='824'  data-video_counter='0'  data-autoplay='true'  data-bg_slider='false'  data-slide_height=''  data-handle='av_slideshow_full'  data-interval='5'  data-class=' '  data-css_id=''  data-scroll_down=''  data-control_layout='av-control-default'  data-custom_markup=''  data-perma_caption=''  data-autoplay_stopper=''  data-image_attachment=''  data-min_height='0px'  data-src=''  data-position='top left'  data-repeat='no-repeat'  data-attach='scroll'  data-stretch=''  class='avia-slideshow avia-slideshow-1  av-control-default av-default-height-applied avia-slideshow-no scaling av_slideshow_full   avia-slide-slider '  itemscope=\"itemscope\" itemtype=\"https:\/\/schema.org\/ImageObject\" ><ul class='avia-slideshow-inner' style='padding-bottom: 44.6875%;'><li  class=' av-single-slide slide-1 ' ><div data-rel='slideshow-1' class='avia-slide-wrap'  ><img src='https:\/\/www.oliveiratributario.com.br\/wp-content\/uploads\/2022\/12\/ANIMIA-2.jpg' width='1920' height='858' title='ANIMIA-2' alt=''  itemprop=\"thumbnailUrl\"   \/><\/div><\/li><\/ul><\/div><\/div><\/div><\/div><\/div><!-- close content main div --><\/div><\/div><div id='empresa' class='avia-section main_color avia-section-default avia-no-border-styling avia-bg-style-scroll   container_wrap fullsize' style = 'background-color: #0e1f33; '  ><div class='av-section-color-overlay-wrap'><a href='#next-section' title='' class='scroll-down-link' aria-hidden='true' data-av_icon='\ue877' data-av_iconfont='entypo-fontello'><\/a><div class='container' ><div class='template-page content  av-content-full alpha units'><div class='post-entry post-entry-type-page post-entry-11'><div class='entry-content-wrapper clearfix'>&lt;br \/&gt;<div style='padding-bottom:10px;color:#ffffff;font-size:70px;' class='av-special-heading av-special-heading-h1 custom-color-heading blockquote modern-quote  av-inherit-size '><h1 class='av-special-heading-tag '  itemprop=\"headline\"  >QUEM SOMOS<\/h1><div class='special-heading-border'><div class='special-heading-inner-border' style='border-color:#ffffff'><\/div><\/div><\/div>&lt;br \/&gt;<\/div><\/div><\/div><!-- close content main div --><\/div><\/div><\/div><div id='av_section_2' class='avia-section main_color avia-section-default avia-no-border-styling avia-bg-style-scroll   av-minimum-height av-minimum-height-100 container_wrap fullsize' style = 'background-repeat: no-repeat; background-image: url(https:\/\/www.oliveiratributario.com.br\/wp-content\/uploads\/2022\/12\/CONULTORIA.2.jpg); background-attachment: scroll; background-position: top center; ' data-section-bg-repeat='no-repeat' ><div class='container' ><div class='template-page content  av-content-full alpha units'><div class='post-entry post-entry-type-page post-entry-11'><div class='entry-content-wrapper clearfix'>&lt;br \/&gt;<div class=\"flex_column av_three_fifth  flex_column_div first  \" style='padding:10px; background-color:rgba(0,0,0,0.74); border-radius:0px; '><section class=\"av_textblock_section \"  itemscope=\"itemscope\" itemtype=\"https:\/\/schema.org\/CreativeWork\" ><div class='avia_textblock  av_inherit_color '  style='font-size:17px; color:#ffffff; '  itemprop=\"text\" ><p>&lt;br \/&gt;A Oliveira Consultoria tribut\u00e1ria \u00e9 especializada em examinar e excogitar oportunidades tribut\u00e1rias as empresas nas esferas administrativa e jur\u00eddica.Atuamos tamb\u00e9m na gest\u00e3o, utiliza\u00e7\u00e3o e comercializa\u00e7\u00e3o de CR\u00c9DITOS TRIBUT\u00c1RIOS passivos a esses fins.Com uma composi\u00e7\u00e3o multidisciplinar envolvendo escrit\u00f3rios parceiros com know how para tratar de forma individualizada cada necessidade, a t\u00edtulo de atender pequenas, m\u00e9dias e grandes empresas.Temos o objetivo de entregar atendimento humanizado as empresas e seus representantes.Com essa forma de atua\u00e7\u00e3o foi poss\u00edvel criar a identidade da OLIVEIRA CONSULTORIA e ao longo dos anos imprimir uma rela\u00e7\u00e3o de confian\u00e7a com nossos clientes e parceiros, nossa estrat\u00e9gia tem como base eliminar burocracias e atuar de forma \u00e9tica gerando oportunidades e economias aos nossos clientes.&lt;br \/&gt;<\/p>\n<\/div><\/section><\/div>&lt;br \/&gt;<\/div><\/div><\/div><!-- close content main div --><\/div><\/div><div id='areas' class='avia-section main_color avia-section-default avia-no-border-styling avia-bg-style-scroll   container_wrap fullsize' style = 'background-color: #0e1f33; '  ><div class='av-section-color-overlay-wrap'><a href='#next-section' title='' class='scroll-down-link' aria-hidden='true' data-av_icon='\ue877' data-av_iconfont='entypo-fontello'><\/a><div class='container' ><div class='template-page content  av-content-full alpha units'><div class='post-entry post-entry-type-page post-entry-11'><div class='entry-content-wrapper clearfix'>&lt;br \/&gt;<div style='padding-bottom:10px;color:#ffffff;font-size:70px;' class='av-special-heading av-special-heading-h1 custom-color-heading blockquote modern-quote  av-inherit-size '><h1 class='av-special-heading-tag '  itemprop=\"headline\"  >\u00c1REAS DE ATUA\u00c7\u00c3O<\/h1><div class='special-heading-border'><div class='special-heading-inner-border' style='border-color:#ffffff'><\/div><\/div><\/div>&lt;br \/&gt;<\/div><\/div><\/div><!-- close content main div --><\/div><\/div><\/div><div id='av_section_4' class='avia-section main_color avia-section-default avia-no-border-styling avia-bg-style-scroll   container_wrap fullsize' style = 'background-color: #c4903a; '  ><div class='container' ><div class='template-page content  av-content-full alpha units'><div class='post-entry post-entry-type-page post-entry-11'><div class='entry-content-wrapper clearfix'><div class=\"flex_column av_one_fifth  flex_column_div first  \" style='border-width:1px; border-color:#174a7c; border-style:solid; padding:10px 10px 30px 10px ; background-color:#ffffff; border-radius:0px; '><p><span class=\"av_font_icon avia_animate_when_visible  av-icon-style-  avia-icon-pos-center \" style=\"color:#174a7c; border-color:#174a7c;\"><span class='av-icon-char' style='font-size:70px;line-height:70px;' aria-hidden='true' data-av_icon='\ue8c6' data-av_iconfont='entypo-fontello' ><\/span><\/span><section class=\"av_textblock_section \"  itemscope=\"itemscope\" itemtype=\"https:\/\/schema.org\/CreativeWork\" ><div class='avia_textblock  av_inherit_color '  style='font-size:14px; color:#000000; '  itemprop=\"text\" ><p>GEST\u00c3O DE CR\u00c9DITOS ESTADUAIS E FEDERAIS<\/p>\n<\/div><\/section><\/p><\/div><div class=\"flex_column av_one_fifth  flex_column_div   \" style='border-width:1px; border-color:#174a7c; border-style:solid; padding:10px; background-color:#ffffff; border-radius:0px; '><p><span class=\"av_font_icon avia_animate_when_visible  av-icon-style-  avia-icon-pos-center \" style=\"color:#174a7c; border-color:#174a7c;\"><span class='av-icon-char' style='font-size:70px;line-height:70px;' aria-hidden='true' data-av_icon='\ue88f' data-av_iconfont='entypo-fontello' ><\/span><\/span><section class=\"av_textblock_section \"  itemscope=\"itemscope\" itemtype=\"https:\/\/schema.org\/CreativeWork\" ><div class='avia_textblock  av_inherit_color '  style='font-size:14px; color:#000000; '  itemprop=\"text\" ><p>RECUPERA\u00c7\u00c3O TRIBUT\u00c1RIA<\/p>\n<\/div><\/section><div style=' margin-top:12px; margin-bottom:30px;'  class='hr hr-custom hr-center hr-icon-no  '><span class='hr-inner   inner-border-av-border-none' style=' width:50px;' ><span class='hr-inner-style'><\/span><\/span><\/div><\/p><\/div><div class=\"flex_column av_one_fifth  flex_column_div   \" style='border-width:1px; border-color:#174a7c; border-style:solid; padding:10px; background-color:#ffffff; border-radius:0px; '><p><span class=\"av_font_icon avia_animate_when_visible  av-icon-style-  avia-icon-pos-center \" style=\"color:#174a7c; border-color:#174a7c;\"><span class='av-icon-char' style='font-size:70px;line-height:70px;' aria-hidden='true' data-av_icon='\ue851' data-av_iconfont='entypo-fontello' ><\/span><\/span><section class=\"av_textblock_section \"  itemscope=\"itemscope\" itemtype=\"https:\/\/schema.org\/CreativeWork\" ><div class='avia_textblock  av_inherit_color '  style='font-size:14px; color:#000000; '  itemprop=\"text\" ><p>COMPENSA\u00c7\u00d5ES DE TRIBUTOS VINCENDOS ATRAV\u00c9S DE CR\u00c9DITOS<\/p>\n<\/div><\/section><\/p><\/div><div class=\"flex_column av_one_fifth  flex_column_div   \" style='border-width:1px; border-color:#174a7c; border-style:solid; padding:10px; background-color:#ffffff; border-radius:0px; '><p><span class=\"av_font_icon avia_animate_when_visible  av-icon-style-  avia-icon-pos-center \" style=\"color:#174a7c; border-color:#174a7c;\"><span class='av-icon-char' style='font-size:70px;line-height:70px;' aria-hidden='true' data-av_icon='\ue80b' data-av_iconfont='entypo-fontello' ><\/span><\/span><section class=\"av_textblock_section \"  itemscope=\"itemscope\" itemtype=\"https:\/\/schema.org\/CreativeWork\" ><div class='avia_textblock  av_inherit_color '  style='font-size:14px; color:#000000; '  itemprop=\"text\" ><p>NEGOCIA\u00c7\u00c3O EXTRAORDIN\u00c1RIA EM PGE e PGFN<\/p>\n<\/div><\/section><div style=' margin-top:10px; margin-bottom:10px;'  class='hr hr-custom hr-center hr-icon-no  '><span class='hr-inner   inner-border-av-border-none' style=' width:50px;' ><span class='hr-inner-style'><\/span><\/span><\/div><\/p><\/div><div class=\"flex_column av_one_fifth  flex_column_div   \" style='border-width:1px; border-color:#174a7c; border-style:solid; padding:10px 10px 10px 10px ; background-color:#ffffff; border-radius:0px; '><p><span class=\"av_font_icon avia_animate_when_visible  av-icon-style-  avia-icon-pos-center \" style=\"color:#174a7c; border-color:#174a7c;\"><span class='av-icon-char' style='font-size:70px;line-height:70px;' aria-hidden='true' data-av_icon='\ue826' data-av_iconfont='entypo-fontello' ><\/span><\/span><section class=\"av_textblock_section \"  itemscope=\"itemscope\" itemtype=\"https:\/\/schema.org\/CreativeWork\" ><div class='avia_textblock  av_inherit_color '  style='font-size:14px; color:#000000; '  itemprop=\"text\" ><p>REVIS\u00c3O DE PARCELAMENTOS E D\u00cdVIDAS TRIBUT\u00c1RIAS<\/p>\n<\/div><\/section><div style=' margin-top:0px; margin-bottom:0px;'  class='hr hr-custom hr-center hr-icon-no  '><span class='hr-inner   inner-border-av-border-none' style=' width:50px;' ><span class='hr-inner-style'><\/span><\/span><\/div><\/p><\/div><\/div><\/div><\/div><!-- close content main div --><\/div><\/div><div id='clientes' class='avia-section main_color avia-section-large avia-no-border-styling avia-bg-style-scroll   container_wrap fullsize' style = 'background-color: #0e1f33; '  ><div class='container' ><div class='template-page content  av-content-full alpha units'><div class='post-entry post-entry-type-page post-entry-11'><div class='entry-content-wrapper clearfix'>&lt;br \/&gt;<div class=\"flex_column av_one_third  flex_column_div first  \" style='padding:0px 20px 20px 0px ; border-radius:0px; '><p><div style=' margin-top:30px; margin-bottom:20px;'  class='hr hr-custom hr-center hr-icon-no  '><span class='hr-inner   inner-border-av-border-none' style=' width:50px;' ><span class='hr-inner-style'><\/span><\/span><\/div><div style='padding-bottom:10px;color:#ffffff;font-size:70px;' class='av-special-heading av-special-heading-h1 custom-color-heading blockquote modern-quote   av-inherit-size '><h1 class='av-special-heading-tag '  itemprop=\"headline\"  >CLIENTES<\/h1><div class='special-heading-border'><div class='special-heading-inner-border' style='border-color:#ffffff'><\/div><\/div><\/div><\/p><\/div><div class=\"flex_column av_two_third  flex_column_div   \" style='padding:0px 0px 0px 20px ; border-radius:0px; '><div  data-autoplay='true'  data-interval='3'  data-animation='fade'  class='avia-logo-element-container av-border-deactivate avia-logo-slider avia-content-slider avia-smallarrow-slider avia-content-slider-active noHover avia-content-slider1 avia-content-slider-even  ' ><div class='avia-smallarrow-slider-heading  no-logo-slider-navigation  no-logo-slider-heading '><\/div><div class='avia-content-slider-inner'><div class='slide-entry-wrap'  itemscope=\"itemscope\" itemtype=\"https:\/\/schema.org\/ImageObject\" ><div  class='slide-entry flex_column no_margin post-entry slide-entry-overview slide-loop-1 slide-parity-odd  av_one_half first real-thumbnail'><img  itemprop=\"thumbnailUrl\"  width=\"600\" height=\"432\" src=\"https:\/\/www.oliveiratributario.com.br\/wp-content\/uploads\/2023\/02\/CASA-GRANDE.jpg\" class=\"attachment-no scaling size-no scaling\" alt=\"\" decoding=\"async\" loading=\"lazy\" srcset=\"https:\/\/www.oliveiratributario.com.br\/wp-content\/uploads\/2023\/02\/CASA-GRANDE.jpg 600w, https:\/\/www.oliveiratributario.com.br\/wp-content\/uploads\/2023\/02\/CASA-GRANDE-300x216.jpg 300w, https:\/\/www.oliveiratributario.com.br\/wp-content\/uploads\/2023\/02\/CASA-GRANDE-450x324.jpg 450w\" sizes=\"(max-width: 600px) 100vw, 600px\" \/><\/div><div  class='slide-entry flex_column no_margin post-entry slide-entry-overview slide-loop-2 slide-parity-even  post-entry-last  av_one_half  real-thumbnail'><img  itemprop=\"thumbnailUrl\"  width=\"600\" height=\"432\" src=\"https:\/\/www.oliveiratributario.com.br\/wp-content\/uploads\/2023\/02\/AUDICON.jpg\" class=\"attachment-no scaling size-no scaling\" alt=\"\" decoding=\"async\" loading=\"lazy\" srcset=\"https:\/\/www.oliveiratributario.com.br\/wp-content\/uploads\/2023\/02\/AUDICON.jpg 600w, https:\/\/www.oliveiratributario.com.br\/wp-content\/uploads\/2023\/02\/AUDICON-300x216.jpg 300w, https:\/\/www.oliveiratributario.com.br\/wp-content\/uploads\/2023\/02\/AUDICON-450x324.jpg 450w\" sizes=\"(max-width: 600px) 100vw, 600px\" \/><\/div><\/div><\/div><\/div><\/div>&lt;br \/&gt;<\/div><\/div><\/div><!-- close content main div --><\/div><\/div><div id='contato' class='avia-section main_color avia-section-large avia-no-border-styling avia-bg-style-scroll   container_wrap fullsize' style = 'background-color: #ffffff; '  ><div class='container' ><div class='template-page content  av-content-full alpha units'><div class='post-entry post-entry-type-page post-entry-11'><div class='entry-content-wrapper clearfix'>&lt;br \/&gt;<div class=\"flex_column av_one_third  flex_column_div first  \" style='padding:0px 20px 0px 0px ; border-radius:0px; '><p><div style=' margin-top:10px; margin-bottom:0px;'  class='hr hr-custom hr-center hr-icon-no  '><span class='hr-inner   inner-border-av-border-none' style=' width:50px;' ><span class='hr-inner-style'><\/span><\/span><\/div><div style='padding-bottom:10px;color:#0e1f33;font-size:70px;' class='av-special-heading av-special-heading-h1 custom-color-heading blockquote modern-quote   av-inherit-size '><h1 class='av-special-heading-tag '  itemprop=\"headline\"  >CONTATO<\/h1><div class='special-heading-border'><div class='special-heading-inner-border' style='border-color:#0e1f33'><\/div><\/div><\/div><\/p><\/div><div class=\"flex_column av_two_third  flex_column_div   \" style='padding:0px 0px 0px 20px ; border-radius:0px; '><section class=\"av_textblock_section \"  itemscope=\"itemscope\" itemtype=\"https:\/\/schema.org\/CreativeWork\" ><div class='avia_textblock  '  style='font-size:20px; '  itemprop=\"text\" ><p>Av. Higien\u00f3polis, 32 \u2013 T\u00e9rreo \u2013 sala 09&lt;br \/&gt;Centro \u2013 CEP: 86020-907&lt;br \/&gt;Londrina \u2013 PR&lt;br \/&gt;(43) 99645-4100<\/p>\n<\/div><\/section><\/div>&lt;br \/&gt;&lt;\/p&gt;<\/p>\n","protected":false},"excerpt":{"rendered":"<p>&lt;p&gt;&lt;\/p&gt;<\/p>\n","protected":false},"author":1,"featured_media":0,"parent":0,"menu_order":0,"comment_status":"closed","ping_status":"closed","template":"","meta":[],"_links":{"self":[{"href":"https:\/\/www.oliveiratributario.com.br\/index.php?rest_route=\/wp\/v2\/pages\/11"}],"collection":[{"href":"https:\/\/www.oliveiratributario.com.br\/index.php?rest_route=\/wp\/v2\/pages"}],"about":[{"href":"https:\/\/www.oliveiratributario.com.br\/index.php?rest_route=\/wp\/v2\/types\/page"}],"author":[{"embeddable":true,"href":"https:\/\/www.oliveiratributario.com.br\/index.php?rest_route=\/wp\/v2\/users\/1"}],"replies":[{"embeddable":true,"href":"https:\/\/www.oliveiratributario.com.br\/index.php?rest_route=%2Fwp%2Fv2%2Fcomments&post=11"}],"version-history":[{"count":195,"href":"https:\/\/www.oliveiratributario.com.br\/index.php?rest_route=\/wp\/v2\/pages\/11\/revisions"}],"predecessor-version":[{"id":916,"href":"https:\/\/www.oliveiratributario.com.br\/index.php?rest_route=\/wp\/v2\/pages\/11\/revisions\/916"}],"wp:attachment":[{"href":"https:\/\/www.oliveiratributario.com.br\/index.php?rest_route=%2Fwp%2Fv2%2Fmedia&parent=11"}],"curies":[{"name":"wp","href":"https:\/\/api.w.org\/{rel}","templated":true}]}}